{"id":72,"date":"2013-08-25T12:56:50","date_gmt":"2013-08-25T10:56:50","guid":{"rendered":"https:\/\/metzkausen.de\/?page_id=72"},"modified":"2020-04-20T20:40:19","modified_gmt":"2020-04-20T18:40:19","slug":"burgerverein","status":"publish","type":"page","link":"https:\/\/metzkausen.de\/?page_id=72","title":{"rendered":"B\u00fcrgerverein"},"content":{"rendered":"<p style=\"text-align: right;\"><b><a href=\"https:\/\/metzkausen.de\/wp-content\/uploads\/2013\/08\/bv_logo.jpg\"><img loading=\"lazy\" decoding=\"async\" class=\"alignnone size-medium wp-image-251\" alt=\"bv_logo\" src=\"https:\/\/metzkausen.de\/wp-content\/uploads\/2013\/08\/bv_logo-300x31.jpg\" width=\"300\" height=\"31\" srcset=\"https:\/\/metzkausen.de\/wp-content\/uploads\/2013\/08\/bv_logo-300x31.jpg 300w, https:\/\/metzkausen.de\/wp-content\/uploads\/2013\/08\/bv_logo.jpg 360w\" sizes=\"auto, (max-width: 300px) 100vw, 300px\" \/><\/a><\/b><\/p>\n<p><strong>Der B\u00fcrgerverein Metzkausen<\/strong> entstand 1953 aus einer B\u00fcrgerinitiative heraus, die sich zum Ziel gesetzt hatte, einen auch rechtlich gesicherten Zugang zum <b>Ehrenmal an der Wilhelmsh\u00f6he<\/b> zu schaffen sowie sich f\u00fcr dessen Erhalt und Pflege einzusetzen.<\/p>\n<p>Als erster Erfolg des B\u00fcrgervereins ist die Anlegung des jetzigen \u00f6ffentlichen Aufgangs von der Hasseler Stra\u00dfe aus zu werten, welcher vorher durch ein Privatgrundst\u00fcck f\u00fchrte. Seitdem wird die Tradition aufrecht erhalten, eine Gedenkstunde am Volkstrauertag im w\u00fcrdigen Rahmen unter Mitwirkung einer Bundeswehrabordnung, der Freiwilligen Feuerwehr L\u00f6schzug Metzkausen, der Hubbelrather Bl\u00e4ser und der B\u00fcrgerschaft zu abzuhalten.<\/p>\n<p>Der B\u00fcrgerverein Metzkausen lie\u00df das Denkmal im November 2012 vollst\u00e4ndig\u00a0 sanieren.<\/p>\n<p>Die Verabschiedung einer Vereinssatzung und der Antrag auf Eintragung in das Vereinsregister beim Amtsgericht Mettmann erfolgte 1959 und seit 1960 ist der B\u00fcrgerverein ein <b>eingetragener Verein<\/b>: B\u00fcrgerverein Metzkausen e.V. In \u00a72 der Satzung hei\u00dft es zum Zweck des Vereins: \u201eDer Verein verfolgt ausschlie\u00dflich gemeinn\u00fctzige Zwecke, darunter vornehmlich die <b>Pflege des Gemeinsinns<\/b> und die <b>Wahrung der Interessen der B\u00fcrger<\/b> innerhalb der Gemeinde und bei der <b>Entwicklung des Ortsteiles Metzkausen<\/b>. Daneben erstrebt der Verein die <b>Erhaltung der Landschaft<\/b>, insbesondere im Ortsteil Metzkausen und <b>ihre Erschlie\u00dfung durch Rad- und Wanderwege<\/b>. Der Verein tritt ein f\u00fcr die F\u00f6rderung des Heimatsinns sowie die <b>Pflege alten und neuen Kulturgutes<\/b>. Der Verein ist \u00fcberparteilich und konventionell ungebunden.<\/p>\n<p>Seit der kommunalen Neugliederung ist Metzkausen keine selbst\u00e4ndige Gemeinde mehr, sondern ein Ortsteil Mettmanns. Daher bem\u00fcht sich der B\u00fcrgerverein um Kontakte zu Rat und Verwaltung der Stadt, um zu gew\u00e4hrleisten, da\u00df der Ortsteil Metzkausen in die <b>F\u00f6rderung und Pflege<\/b> der Stadt gleichberechtigt mit einbezogen und nicht ein vergessenes Anh\u00e4ngsel wird. Aufgabengebiete des B\u00fcrgervereins sind ortsbezogene, b\u00fcrgernahe Themen aus der Kommunalpolitik, die den Mitgliedern in <b>Informationsveranstaltungen und Diskussionsabenden<\/b> n\u00e4her gebracht werden. Wichtige Themen sind Verkehrsfragen, wie zum Beispiel <b>Busverbindungen<\/b>, <b>Regiobahn, Radwege<\/b> usw. Sorgen und Fragen der B\u00fcrger zu gemeindlichen <b>Steuern und Geb\u00fchren<\/b> oder zur <b>Stadtplanung<\/b> wurden als Themen vom Vorstand aufgegriffen und in vielen Gespr\u00e4chen mit Kommunalpolitikern und Fach\u00e4mtern behandelt und teilweise in <b>Leserbriefen<\/b> einer breiten \u00d6ffentlichkeit vorgestellt.<\/p>\n<p>Tradition geworden sind auch die <b>Wanderungen des B\u00fcrgervereins am 1. Mai<\/b> jeden Jahres, wo den Mitb\u00fcrgern Sch\u00f6nheiten der Natur und attraktive Ziele, auch kultureller Art, in der n\u00e4heren und weiteren Umgebung bekannt gemacht werden sollen.<\/p>\n<p>Der B\u00fcrgerverein f\u00fchlt sich ferner dem <b>Umweltschutzgedanken<\/b> verpflichtet. Das vom fr\u00fcheren Vorsitzenden, H.J. Hindenberg angelegte Biotop am HHG wurde gepflegt sowie <b>Reinigungsaktionen<\/b> in der Natur, z.B. im Buchenbusch und Weiermannsbusch und im Gustav-Comberg-Park unternommen. Ebenso wurden S\u00e4uberungsaktionen der Stadt Mettmann durch den B\u00fcrgerverein unterst\u00fctzt. Auf Metzkausener Gemarkung wurden <b>Ruheb\u00e4nke<\/b> aufgestellt. F\u00fcr den Kinderspielplatz am Gustav-Comberg-Park wurden ein <b>Kletterger\u00fcst<\/b> und eine <b>Rutsche<\/b> gestiftet und aufgestellt sowie die Patenschaft \u00fcbernommen.<\/p>\n<p>In jedem Jahr wird ein <b>Familiennachmittag <\/b>(\u201eBunter Nachmittag\u201c) ausgerichtet mit Kaffee und Kuchen und reichhaltigem Programm, wie Dia-Shows, kulturelle und vergn\u00fcgliche Vortr\u00e4ge, musikalische Darbietungen und vieles mehr.<\/p>\n<p>Anl\u00e4\u00dflich des <b>50-j\u00e4hrigen Bestehens<\/b> wurde im September 2010 eine Jubil\u00e4umsveranstaltung mit Ehreng\u00e4sten, vielen Mitgliedern und ca. 1.000 Besuchern durchgef\u00fchrt. Unter Mitwirkung von Polizei, Feuerwehr, 23 B\u00fcdchenbetreibern wurde das <b>B\u00fcrgerfest<\/b> veranstaltet mit Kirmesattraktionen, Essen und Trinken, einer H\u00fcpfburg, Torwandschie\u00dfen, Pony-Reiten und einer Tombola mit vielen Gewinnern.<\/p>\n<p>Seit Mai 2003 <b>werden jeden ersten Dienstag im Monat Stammtischtreffen<\/b> in der Gastst\u00e4tte \u201eRatskeller\u201c, Wollenhausweg 1, ab 19<span style=\"text-decoration: underline;\"><sup>30<\/sup><\/span> Uhr mit wechselnden aktuellen Themen durchgef\u00fchrt \u2013 <b>der 150.<\/b> am 7.6.2016 !<\/p>\n<p>Hier wird nicht nur Wissen vermittelt und ausgetauscht, sondern es werden auch kleine und gro\u00dfe Projekte angesto\u00dfen, wie z.B. der Bau eines neuen Regenr\u00fcckhaltebeckens am Kl\u00e4rwerk Metzkausen.<\/p>\n<p>Ein Stammtisch-Vortrag im Fr\u00fchjahr 2010 \u00fcber Graffiti-Schmierereien war der Nukleus, sich dem Thema intensiv zu widmen und verschiedene Initiativen in die Wege zu leiten, Metzkausen sauber zu halten. Zur Zeit stehen 22 gef\u00e4hrdete Bereiche unter Beobachtung. Schmierereien werden als bisher wirksamstes Gegenmittel zeitnah entfernt, um den &#8220;T\u00e4tern&#8221; die Lust an ihrem Tun zu nehmen und zu signalisieren, in Metzkausen ist Graffiti nicht erw\u00fcnscht.<\/p>\n<p>Im Jahr 2012 hob der B\u00fcrgerverein Metzkausen erstmals ein <b>Kinderfest im Gustav-Comberg-Park<\/b> aus der Taufe. Hunderte Kinder und deren Eltern waren begeistert. Jedes Kind nahm einen Preis mit aus der kostenlosen Tombola. Es gab Preise vom Fu\u00dfball \u00fcber Puppen bis zum Kinderfahrrad. Die Wiederholung im Jahr 2013 am 8. Juni war noch gr\u00f6\u00dfer und sch\u00f6ner !<\/p>\n<p><b>Die Vorsitzenden<\/b> des B\u00fcrgervereins seit seiner Gr\u00fcndung waren die \u00fcber Metzkausen hinaus bekannten Pers\u00f6nlichkeiten: Wilhelm Detering, Walter Lehmann, Alfred M\u00fcller, Hans-Joachim Hindenberg, Heribert Lauer, Hans-Georg Malitz und Klaus S\u00e4nger.<\/p>\n<p>Der derzeitige<b> <\/b>Vorstand stellt sich auf den Seiten des B\u00fcrgervereins vor: <a title=\"Vorstand des B\u00fcrgerverein Metzkausen e.V.\" href=\"http:\/\/www.buergerverein-metzkausen.de\/vorstand.htm\" target=\"_new\">Vorstand des B\u00fcrgerverein Metzkausen e.V.<\/a><\/p>\n<table>\n<tbody>\n<tr>\n<td>\n<p style=\"text-align: center;\">Unsere Mitgliederzahl w\u00e4chst und w\u00e4chst. Waren es im Jahr 2000 noch 200 Mitglieder, betr\u00e4gt die Anzahl der Mitglieder heute<br \/>\n<iframe loading=\"lazy\" src=\"http:\/\/www.buergerverein-metzkausen.de\/Texte\/-mitgliederzahl.html\" height=\"50\" width=\"120\"><\/iframe><\/p>\n<\/td>\n<\/tr>\n<\/tbody>\n<\/table>\n<p><b>F\u00fcr die Zukunft w\u00fcnscht sich der B\u00fcrgerverein Metzkausen interessierte Pers\u00f6nlichkeiten, die hier ihre Heimat haben oder finden wollen und die \u00fcber ihre eigene Grundst\u00fccksgrenze hinaus blicken k\u00f6nnen um am gemeinschaftlichen &#8220;Metzkausener Garten&#8221; mitzuwirken oder mitzugestalten<\/b>.<\/p>\n<p><b><a href=\"https:\/\/metzkausen.de\/wp-content\/uploads\/2013\/08\/bv_logo.jpg\"><img loading=\"lazy\" decoding=\"async\" class=\"alignnone size-medium wp-image-251\" alt=\"bv_logo\" src=\"https:\/\/metzkausen.de\/wp-content\/uploads\/2013\/08\/bv_logo-300x31.jpg\" width=\"300\" height=\"31\" srcset=\"https:\/\/metzkausen.de\/wp-content\/uploads\/2013\/08\/bv_logo-300x31.jpg 300w, https:\/\/metzkausen.de\/wp-content\/uploads\/2013\/08\/bv_logo.jpg 360w\" sizes=\"auto, (max-width: 300px) 100vw, 300px\" \/><\/a>\u00a0\u00a0\u00a0\u00a0\u00a0\u00a0\u00a0\u00a0\u00a0\u00a0\u00a0\u00a0\u00a0\u00a0 <\/b><\/p>\n<p><strong>Das Anmeldeformular kann hier heruntergeladen werden<\/strong>: <a title=\"Link zur Anmeldung B\u00fcrgerverein Metzkausen\" href=\"http:\/\/www.buergerverein-metzkausen.de\/mitglied.htm\" target=\"_new\">Link zur Anmeldung B\u00fcrgerverein Metzkausen<\/a><\/p>\n","protected":false},"excerpt":{"rendered":"<p>Der B\u00fcrgerverein Metzkausen entstand 1953 aus einer B\u00fcrgerinitiative heraus, die sich zum Ziel gesetzt hatte, einen auch rechtlich gesicherten Zugang zum Ehrenmal an der Wilhelmsh\u00f6he zu schaffen sowie sich f\u00fcr dessen Erhalt und Pflege einzusetzen. Als erster Erfolg des B\u00fcrgervereins ist die Anlegung des jetzigen \u00f6ffentlichen Aufgangs von der Hasseler Stra\u00dfe aus zu werten, welcher [&hellip;]<\/p>\n","protected":false},"author":1,"featured_media":97,"parent":0,"menu_order":0,"comment_status":"closed","ping_status":"closed","template":"fullwidth.php","meta":{"footnotes":""},"class_list":["post-72","page","type-page","status-publish","has-post-thumbnail","hentry"],"_links":{"self":[{"href":"https:\/\/metzkausen.de\/index.php?rest_route=\/wp\/v2\/pages\/72","targetHints":{"allow":["GET"]}}],"collection":[{"href":"https:\/\/metzkausen.de\/index.php?rest_route=\/wp\/v2\/pages"}],"about":[{"href":"https:\/\/metzkausen.de\/index.php?rest_route=\/wp\/v2\/types\/page"}],"author":[{"embeddable":true,"href":"https:\/\/metzkausen.de\/index.php?rest_route=\/wp\/v2\/users\/1"}],"replies":[{"embeddable":true,"href":"https:\/\/metzkausen.de\/index.php?rest_route=%2Fwp%2Fv2%2Fcomments&post=72"}],"version-history":[{"count":84,"href":"https:\/\/metzkausen.de\/index.php?rest_route=\/wp\/v2\/pages\/72\/revisions"}],"predecessor-version":[{"id":1132,"href":"https:\/\/metzkausen.de\/index.php?rest_route=\/wp\/v2\/pages\/72\/revisions\/1132"}],"wp:featuredmedia":[{"embeddable":true,"href":"https:\/\/metzkausen.de\/index.php?rest_route=\/wp\/v2\/media\/97"}],"wp:attachment":[{"href":"https:\/\/metzkausen.de\/index.php?rest_route=%2Fwp%2Fv2%2Fmedia&parent=72"}],"curies":[{"name":"wp","href":"https:\/\/api.w.org\/{rel}","templated":true}]}}